prime?
True
Is 161801 a prime number?
False
Is 36965 a composite number?
True
Is 34669 composite?
True
Is 2231 prime?
False
Is 66491 a composite number?
False
Is 217177 a composite number?
True
Is 22766 composite?
True
Is 4240859 a composite number?
True
Is 17245 composite?
True
Is 6437 a prime number?
False
Is 993 composite?
True
Is 476823 composite?
True
Is 829167 prime?
False
Is 864673 prime?
True
Is 313843 composite?
True
Is 901 a prime number?
False
Is 499279 prime?
False
Is 8263 prime?
True
Is 62503 a composite number?
True
Is 13057 a prime number?
False
Is 81817 prime?
True
Is 69691 a composite number?
False
Is 5897 a prime number?
True
Is 5669 a prime number?
True
Is 42663 a prime number?
False
Is 8501 prime?
True
Is 22319 prime?
False
Is 8501 composite?
False
Is 14591 composite?
False
Is 255593 a prime number?
False
Is 894346 a composite number?
True
Is 21355 prime?
False
Is 14197 composite?
False
Is 19069 prime?
True
Is 12499 a prime number?
False
Is 317911 a prime number?
False
Is 127807 composite?
False
Is 14995 a composite number?
True
Is 8051 composite?
True
Is 53491 composite?
True
Is 18649 prime?
False
Is 18869 composite?
False
Is 2503 a composite number?
False
Is 69847 composite?
False
Is 6514 prime?
False
Is 57557 a composite number?
False
Is 1248235 a prime number?
False
Is 164321 composite?
False
Is 55 a prime number?
False
Is 37667 a prime number?
False
Is 21233 prime?
False
Is 25435 composite?
True
Is 10547 prime?
False
Is 14269 prime?
False
Is 3337 prime?
False
Is 225919 composite?
False
Is 30445 prime?
False
Is 182474 a composite number?
True
Is 358981 a composite number?
True
Is 45887 a composite number?
False
Is 125453 a composite number?
False
Is 1409 a prime number?
True
Is 7741 a composite number?
False
Is 21701 a composite number?
False
Is 179897 composite?
False
Is 16811 a composite number?
False
Is 7229 a prime number?
True
Is 44333 composite?
True
Is 3803 prime?
True
Is 39505 a composite number?
True
Is 318567 prime?
False
Is 3793 prime?
True
Is 271429 prime?
True
Is 589 a prime number?
False
Is 19207 composite?
False
Is 778027 composite?
False
Is 707803 composite?
True
Is 732911 a prime number?
True
Is 1141 composite?
True
Is 5147 a prime number?
True
Is 71871 prime?
False
Is 5347 composite?
False
Is 4201 prime?
True
Is 7009 a composite number?
True
Is 2048723 prime?
True
Is 191137 a prime number?
True
Is 839 composite?
False
Is 29683 composite?
False
Is 153019 prime?
False
Is 137699 a composite number?
False
Is 902179 prime?
True
Is 87937 a composite number?
True
Is 414415 composite?
True
Is 13649 a composite number?
False
Is 904979 a composite number?
True
Is 45226 composite?
True
Is 877 prime?
True
Is 213 a prime number?
False
Is 36191 composite?
False
Is 2777 composite?
False
Is 338683 a composite number?
False
Is 430121 a composite number?
False
Is 15347 prime?
False
Is 154667 prime?
True
Is 3977 composite?
True
Is 108863 prime?
True
Is 183151 prime?
True
Is 3677543 a composite number?
True
Is 371707 prime?
False
Is 11303 a composite number?
True
Is 2962 a prime number?
False
Is 2125273 a prime number?
True
Is 19739 a prime number?
True
Is 491269 composite?
True
Is 2503 composite?
False
Is 84541 prime?
False
Is 1048345 composite?
True
Is 6189 a prime number?
False
Is 16503 a composite number?
True
Is 3702943 a composite number?
False
Is 96567 a composite number?
True
Is 15467 a composite number?
False
Is 61001 composite?
False
Is 12333 prime?
False
Is 257981 a prime number?
True
Is 25013 prime?
True
Is 493777 a prime number?
True
Is 11851 prime?
False
Is 102458 a composite number?
True
Is 39873 a composite number?
True
Is 3229 composite?
False
Is 5773 prime?
False
Is 275431 prime?
False
Is 211271 a prime number?
True
Is 6131 prime?
True
Is 8707 a prime number?
True
Is 123663 composite?
True
Is 13385 a composite number?
True
Is 323759 a composite number?
False
Is 647 a prime number?
True
Is 5381 a prime number?
True
Is 6163 a prime number?
True
Is 5623 a prime number?
True
Is 5837 a composite number?
True
Is 223243 prime?
True
Is 22739 a prime number?
True
Is 251 a composite number?
False
Is 4049 a prime number?
True
Is 77299 composite?
True
Is 182271 prime?
False
Is 91499 prime?
True
Is 15709 a composite number?
True
Is 99313 a prime number?
False
Is 172498 composite?
True
Is 350309 prime?
False
Is 74567 composite?
False
Is 7789 composite?
False
Is 62459 a composite number?
False
Is 40099 a composite number?
False
Is 1121819 prime?
True
Is 31163 a prime number?
False
Is 6337 prime?
True
Is 11453 a prime number?
False
Is 120041 a composite number?
False
Is 90971 a composite number?
False
Is 1384331 composite?
True
Is 13811 composite?
True
Is 705281 composite?
True
Is 4739 a composite number?
True
Is 52147 a composite number?
False
Is 49163 a composite number?
True
Is 506494 a prime number?
False
Is 264919 prime?
True
Is 11177 prime?
True
Is 73001 prime?
False
Is 35491 a prime number?
True
Is 528151 composite?
True
Is 1773011 prime?
False
Is 104369 composite?
False
Is 147073 prime?
True
Is 30727 a prime number?
True
Is 2336431 a prime number?
True
Is 84377 a prime number?
True
Is 1625227 prime?
True
Is 50321 prime?
True
Is 103289 composite?
False
Is 126983 a composite number?
True
Is 161 a composite number?
True
Is 66449 a composite number?
False
Is 16759 prime?
True
Is 25147 composite?
False
Is 14591 composite?
False
Is 176941 a composite number?
True
Is 72613 composite?
False
Is 158489 a prime number?
True
Is 2861 prime?
True
Is 771385 a prime number?
False
Is 15277 a prime number?
True
Is 8009 a composite number?
False
Is 10174 a prime number?
False
Is 11471 a composite number?
False
Is 53983 a composite number?
True
Is 1763027 a composite number?
True
Is 85235 prime?
False
Is 942509 composite?
False
Is 66433 a prime number?
False
Is 128957 composite?
True
Is 56081 composite?
False
Is 15259 composite?
False
Is 11651 a prime number?
False
Is 16493 prime?
True
Is 27329 a prime number?
True
Is 397981 prime?
True
Is 1553537 a composite number?
False
Is 92459 prime?
True
Is 37933 a composite number?
True
Is 7993 prime?
True
Is 16961 a composite number?
True
Is 11351 a composite number?
False
Is 857423 a prime number?
False
Is 1811027 a prime number?
False
Is 1362041 prime?
True
Is 165145 composite?
True
Is 2453 prime?
False
Is 85927 a composite number?
True
Is 557981 a composite number?
False
Is 1501471 a composite number?
False
Is 3787 composite?
True
Is 15359 prime?
True
Is 52667 a composite number?
False
Is 238399 a prime number?
False
Is 135773 a prime number?
False
Is 208603 composite?
True
Is 5323 composite?
False
Is 33049 a prime number?
True
Is 698 a composite number?
True
Is 8147 composite?
False
Is 98749 a composite number?
True
Is 8147 prime?
True
Is 1346 composite?
True
Is 170137 a composite number?
True
Is 28163 composite?
False
Is 15529 composite?
True
Is 660967 prime?
False
Is 558007 a composite number?
False
Is 47351 a composite number?
False
Is 9521 a composite number?
False
Is 877 composite?
False
Is 3163 prime?
True
Is 4471 a composite number?
True
Is 1601045 a prime number?
False
Is 1183051 prime?
False
Is 1893 a prime number?
False
Is 10559 composite?
False
Is 1513 a composite number?
True
Is 4139 a prime number?
True
Is 45163 composite?
True
Is 295819 a composite number?
False
Is 12401 composite?
False
Is 121343 a composite number?
False
Is 857811 a prime number?
False
Is 594299 a prime number?
True
Is 44011 a composite number?
True
Is 2203931 prime?
False
Is 1457 a composite number?
True
Is 66245 composite?
True
Is 3989 prime?
True
Is 118091 a composite number?
True
Is 72191 a prime number?
False
Is 40447 prime?
False
Is 6403 prime?
False
Is 34859 a prime number?
False
Is 134747 prime?
False
Is 4313 a composite number?
True
Is 360263 prime?
False
Is 41351 composite?
False
Is 9609 prime?
False
Is 52667 a prime number?
True
Is 7499 a composite number?
False
Is 83 a composite number?
False
Is 10805 a prime number?
False
Is 680723 prime?
False
Is 11519 composite?
False
Is 4321 a composite number?
True
Is 33346 a composite number?
True
Is 34517 prime?
False
Is 1320461 a composite number?
True
Is 12203 a prime number?
True
Is 100103 a composite number?
False
Is 1693 composite?
False
Is 1